102306. Let c = -681 + 1256. What is the greatest common factor of n and c?
23
Let g(z) = -8*z - 197. Let o be g(-24). Let x(v) = -51*v - 79. Let d be x(o). Calculate the highest common factor of 11 and d.
11
Let n be 95418/(-26505)*(-25)/(-12)*-2. Let p = 13 - 7. Calculate the highest common divisor of p and n.
3
Let b be (80 + -4)/((-4)/(-10)). Suppose -4*m + 2*f - 510 = 0, 112*m + 2*f = 115*m + 384. Let i = m + b. What is the highest common factor of 32 and i?
32
Suppose 2 = -5*l - 3*a + 3, 4*l + 4*a = -4. Suppose 12*d - 8*d - 188 = -4*f, -79 = -l*d + f. What is the greatest common factor of 70 and d?
14
Let j = 21 + -23. Let k be (-3031)/(-7) - j/(2 + 0). Calculate the greatest common factor of k and 14.
14
Suppose 101*r = 73*r + 1120. Calculate the greatest common divisor of 260 and r.
20
Suppose 2*q - 4*q - 2*n = -8, -3*n = -2*q - 12. Suppose q = -z - 0*z + 2*z. Let c be 10*(1 + z)*(-80)/(-32). Calculate the greatest common divisor of 10 and c.
5
Let q be -1 - (2 - 20/8)*178. Let l be q + (-2)/(-2) + 3. Let v = 96 - l. What is the highest common factor of 100 and v?
4
Suppose -10*q - 288 = -8. Let l(c) = -7*c + 77. Let u be l(q). What is the greatest common divisor of 21 and u?
21
Let c be 75 - 76 - (-427)/1. Suppose 12*g - 1326 = -c. What is the highest common factor of g and 275?
25
Let w be 9 + (-11 - 40/(-8)). What is the greatest common divisor of w and 639?
3
Suppose 2*c + 5*y = 1180, 2*y + 2979 = -4*c + 9*c. Calculate the greatest common divisor of c and 280.
35
Let o be 660400/(-975)*(4 + -2 + 14/(-4)). What is the highest common divisor of o and 3683?
127
Let i(r) = r - 2. Let g be i(5). Suppose -9 = -0*s - g*s. Let a = 500 + -498. Calculate the greatest common factor of a and s.
1
Suppose 0 = 115*w - 15461 + 1086. What is the highest common divisor of 675 and w?
25
Let a be 8 + 22 - (-4)/1. Let i be 2/(-8) - (-13)/52. Suppose n - 83 = -q, 2*q = -5*n - i*n + 160. What is the greatest common divisor of q and a?
17
Suppose 3*w + 3*p - 46 = -2*p, -w = -3*p - 34. Let f(x) = 13 - w*x - 5*x - x - 32*x. Let i be f(-4). Calculate the highest common factor of i and 23.
23
Suppose 0 = 5*y - 5*j - 910, 2*y - 75 = j + 292. Suppose -24*u + 497 = y. What is the greatest common divisor of 312 and u?
13
Let h(v) = -v**2 - 9*v - 6. Let o be h(-8). Suppose -o*z - 20 = -7*z - 5*i, 5*i + 70 = 5*z. Let r = -1419 + 1428. What is the greatest common factor of z and r?
9
Suppose 253*k - 12350 = 227*k. What is the highest common factor of k and 817?
19
Let s(a) = -a + 3. Let b be s(-6). Suppose -27 = -3*j - 6, z - 2*j - 13 = 0. What is the greatest common divisor of z and b?
9
Suppose -5*f = -3*g - 641, -86*g - 659 = -5*f - 89*g. What is the greatest common factor of f and 8905?
65
Suppose 0 = 4*h + 2*a + 1639 + 129, -h = -a + 436. Let p = h + 737. Let c = 100 + -73. Calculate the greatest common divisor of c and p.
27
Let d(f) = -27*f - 2. Let j be d(-2). Let q = 324 + -100. Let p = 237 - q. Calculate the greatest common divisor of j and p.
13
Suppose -2*b = -5*f - 110 - 173, 0 = 3*b - 5*f - 427. Let z be (-26)/(-12) + -2 - (-552)/b. Calculate the greatest common factor of 18 and z.
2
Suppose -40300 = -89*r - 35*r. What is the greatest common divisor of 91 and r?
13
Let v be -5 - ((-1)/(-3))/(22762/(-1083) + 21). Let l(c) = 5*c + 1. Let i be l(1). Calculate the highest common factor of v and i.
2
Suppose 3*h = 4*x + 572, h + 16*x - 11*x = 197. What is the greatest common factor of 24 and h?
24
Suppose 0 = -v + 3*a + 18, 4*v + 4*a - 73 - 31 = 0. Suppose 3*m - 4*j = 76, 0*m + 4*j = -3*m + 68. What is the greatest common factor of m and v?
24
Let a = 8 - -4. Suppose -209*x + 16946 = -15658. What is the greatest common divisor of a and x?
12
Let r = -347 + 620. Suppose -r + 0 = -d. Calculate the greatest common factor of 13 and d.
13
Let k = 82 - 68. Let b be (9 + -8)*(0 - k)/(-1). Suppose -464 = -4*i + 40. Calculate the highest common divisor of b and i.
14
Suppose 91 = -15*z + 317 + 464. What is the highest common divisor of z and 58?
2
Let i(h) = -4*h**3 - 4*h**2 - 81*h - 300. Let s be i(-4). Calculate the greatest common divisor of s and 1224.
72
Let t be (243/36)/((-3)/(-220)). What is the greatest common divisor of t and 110?
55
Let s be (286/(-1))/((25 + -28)*5/75). What is the highest common factor of 3190 and s?
110
Let d be (-27 - -29)*(95384/4 - 6). Calculate the highest common factor of d and 640.
320
Suppose -174 = -2*x + 3*q, 18*x + 2*q = 17*x + 73. Calculate the greatest common divisor of x and 45.
9
Suppose 4*w + 135 - 3759 = 0. Suppose -w = 8*f + 230. Let x = f + 175. What is the highest common divisor of x and 6?
3
Suppose -951 - 649 = -80*f. Suppose -5*b - y + 666 = 242, 0 = -5*b + y + 416. What is the highest common divisor of b and f?
4
Let w(v) = -113*v + 18. Let g be w(0). Calculate the greatest common factor of g and 3582.
18
Let n be 180/(-80)*(-12)/9. Let g be (0 - 0)*(-1)/(-3). Let u = g - -15. What is the highest common factor of u and n?
3
Let k = 368 + -248. Suppose k*j + 1528 = 124*j. Suppose -2*i - 4*t - 120 + 364 = 0, -3*i - 2*t + j = 0. What is the greatest common factor of 10 and i?
10
Let h = -26 - 132. Let d = h - -256. Suppose 2*m + 48 = 5*o, 435*o = 431*o - 2*m + 78. What is the highest common factor of d and o?
14
Let j(k) = -3*k - 36. Let h be j(-11). Let q(a) = -53*a - 9. Let g be q(h). What is the highest common divisor of g and 30?
30
Let h = -126 + 214. Let w be 0/(((-252)/(-7))/12). Let m = w + h. What is the greatest common divisor of 8 and m?
8
Suppose 2*n - 40*o - 11847 = -45*o, 0 = 3*n + o - 17738. Calculate the greatest common divisor of 23 and n.
23
Let v(z) = 2*z**3 - 13*z**2 + 5*z + 11. Let w be v(6). Calculate the greatest common divisor of 1280 and w.
5
Suppose -29 = -2*o - 5. Let a(q) = 82*q + 3024. Let t be a(-24). Calculate the greatest common factor of t and o.
12
Let j = 310079 - 309934. Let t(k) = 16*k - 9. Let n be t(6). What is the highest common factor of n and j?
29
Let h = -201 - -194. Let q be 2/16 - (h - 2286/16). What is the greatest common divisor of 90 and q?
30
Let y be (-2980)/(-6) + 4/(-6). Suppose 32*p + 256 = 77*p - 29*p. Calculate the greatest common factor of y and p.
16
Let p(a) = a**3 - 3*a**2 - 2*a + 6. Let w be p(4). Suppose 36 = w*t - 160. What is the greatest common divisor of t and 266?
14
Let z = -22959 + 22974. Calculate the greatest common factor of 39495 and z.
15
Let k be (18/8)/(3/64). Suppose -4*r - 868 = -2*a, 0 = 8*r + 2*r + 10. What is the highest common factor of k and a?
48
Suppose -3*o + 46 - 310 = -p, -3*o - 4*p - 279 = 0. Let g = 140 + o. What is the greatest common factor of g and 68?
17
Suppose n - 285 = -24. Suppose -k - 2*x = -73, 4*k + 2*x - n = 43. Calculate the greatest common factor of 14 and k.
7
Suppose 0 = 7*x - 6*x - u - 12, 5*u = -4*x + 48. Calculate the highest common factor of 5244 and x.
12
Let i(t) = 3*t + 37. Let g be i(9). Suppose 2*f + 128 = 4*j - 0*f, f - g = -2*j. Calculate the highest common divisor of j and 72.
8
Let f = -170 + 379. Let h be 1734/306*(-9)/(-5) + (-16)/(-20). Calculate the highest common factor of h and f.
11
Let d(s) = -s**2 - 56*s - 636. Let k be d(-36). Calculate the greatest common factor of k and 4494.
42
Suppose 2 - 49 = -4*l + p, -32 = -4*l + 4*p. Let g be (45/(-50)*-2)/(8/160). Suppose -1235 + 299 = -g*q. Calculate the highest common factor of q and l.
13
Let u(a) = -15*a + 81. Let t be u(12). Let g be t/11*2*-2. Calculate the highest common factor of g and 204.
12
Let l = -62 + 304. Let n = -98 + l. Suppose 4*c - 144 = 2*c - 5*i, -n = -2*c + 3*i. Calculate the highest common factor of 8 and c.
8
Suppose 5*l - 140 = 5*k, 5*k + 5*l + 63 = -57. Let x = k + 29. Let h be (4 - 22/x)*-24. Calculate the highest common divisor of 16 and h.
16
Let n = 19969 - 18025. Calculate the highest common factor of n and 405.
81
Let y = -765 - -1490. Calculate the greatest common factor of y and 232.
29
Let c(y) = -y**2 + 5*y + 8. Let k be c(5). Suppose k*r - 6 = 98. Let p(d) = d**2 - 25*d - 98. Let t be p(-9). Calculate the highest common divisor of t and r.
13
Let c = 50 - 48. Let f be (-2 - 20/(-25))*(c - 152). Suppose -z + 240 = f. What is the greatest common divisor of z and 120?
60
Let v be (4508/(-168) + 24)/(2/(-24))